48709793 a composite number?
False
Is 23829388469 composite?
False
Is 6891123289 composite?
True
Is 2555518163 a prime number?
False
Is 7238829193 composite?
True
Is 33342718771 a composite number?
False
Is 461658881 composite?
True
Is 21827593043 prime?
True
Is 4541473327 a prime number?
True
Is 46258986283 a composite number?
False
Is 1278107213 a composite number?
True
Is 331488287903 prime?
True
Is 10399526261 a prime number?
True
Is 273024823 prime?
True
Is 40601303599 composite?
True
Is 358197932947 composite?
False
Is 8290263953 a prime number?
False
Is 10492375409 a prime number?
True
Is 9972635567 a prime number?
False
Is 4933149289 a prime number?
False
Is 559668043 a composite number?
True
Is 4929048517 prime?
False
Is 8799636889 a prime number?
False
Is 4165427237 a composite number?
False
Is 188546533013 prime?
False
Is 1951740137 composite?
False
Is 2359596797 composite?
False
Is 136155389 a composite number?
False
Is 104496425779 composite?
False
Is 1857533989 prime?
True
Is 8458848439 composite?
False
Is 81015617971 a prime number?
False
Is 4238919059 a prime number?
False
Is 39144930557 a prime number?
False
Is 47025843593 prime?
True
Is 317272633 a composite number?
False
Is 169120600109 prime?
True
Is 15327164117 a prime number?
False
Is 17912166295 prime?
False
Is 41483016529 composite?
False
Is 2088256991 composite?
False
Is 539999989 composite?
True
Is 115885155269 a composite number?
True
Is 885258841 prime?
False
Is 4304976649 a prime number?
True
Is 187742273 composite?
False
Is 1113177797 a prime number?
True
Is 3903437039 prime?
True
Is 139762993 a prime number?
False
Is 4358462629 composite?
False
Is 1515981959 a composite number?
False
Is 10593881797 composite?
False
Is 21158093629 a composite number?
False
Is 15329753963 composite?
True
Is 5127972877 prime?
False
Is 2393529863 composite?
False
Is 3204440641 a prime number?
False
Is 73817273 a composite number?
True
Is 39503128103 a prime number?
False
Is 22385068859 composite?
False
Is 3994936783 composite?
False
Is 1291524679 a prime number?
True
Is 5535769 a composite number?
False
Is 2788449539 composite?
True
Is 272453298881 composite?
False
Is 554966909 composite?
True
Is 8390500127 composite?
True
Is 449776829 prime?
False
Is 56135024137 composite?
False
Is 1802125289 a composite number?
False
Is 2288298833 composite?
False
Is 99981090809 a prime number?
False
Is 13521464051 a prime number?
False
Is 228409733 composite?
True
Is 1089492871 a composite number?
True
Is 11819003939 a composite number?
False
Is 30607716229 prime?
True
Is 6590839273 composite?
True
Is 93090641093 a composite number?
True
Is 19172038601 a prime number?
True
Is 21184258483 a composite number?
True
Is 338821447 a composite number?
False
Is 473815099 a prime number?
True
Is 1039998887 prime?
True
Is 7930321261 composite?
True
Is 193694287 a composite number?
True
Is 14090103197 composite?
False
Is 5730712919 prime?
True
Is 47773541 composite?
False
Is 19115235319 a composite number?
True
Is 1381360483 a composite number?
True
Is 4693746389 composite?
True
Is 1250550437 composite?
False
Is 387524821 composite?
False
Is 17498219 composite?
True
Is 2954047451 composite?
False
Is 10441377974 prime?
False
Is 1823517821 a prime number?
True
Is 194466366851 a composite number?
True
Is 199633674601 composite?
True
Is 525323047 a prime number?
True
Is 37892589419 composite?
False
Is 1657468859 a prime number?
True
Is 893553317 a prime number?
False
Is 1426449797 prime?
True
Is 108486578 a composite number?
True
Is 41482463 prime?
False
Is 1941980093 composite?
False
Is 2771528449 a prime number?
True
Is 1306985573 a prime number?
False
Is 807253439 a prime number?
True
Is 27228550669 composite?
False
Is 527354869 composite?
False
Is 26187695489 prime?
False
Is 48353827 a prime number?
False
Is 85139503 composite?
False
Is 1197131197 composite?
True
Is 1196886137 prime?
True
Is 3423938647 a composite number?
False
Is 1096801531 a composite number?
True
Is 2151702127 a prime number?
True
Is 2239081021 a prime number?
True
Is 100852723583 prime?
False
Is 666116881 a composite number?
True
Is 522507173 a composite number?
False
Is 823031249 a composite number?
False
Is 10334383433 a prime number?
False
Is 3018730777 prime?
True
Is 25256587 a composite number?
False
Is 5574385211 composite?
True
Is 55668715397 a composite number?
False
Is 93954119579 composite?
True
Is 587452657 a composite number?
True
Is 152132969 a composite number?
False
Is 5035948427 composite?
True
Is 2254025197 composite?
True
Is 1154738213 a prime number?
True
Is 14279211731 composite?
False
Is 10697872879 prime?
False
Is 1618962497 a prime number?
False
Is 532074029413 composite?
False
Is 260840182 composite?
True
Is 416233283 a prime number?
True
Is 3337961357 prime?
True
Is 22908079483 composite?
True
Is 13106855677 a composite number?
False
Is 272950333 a composite number?
True
Is 2688246109 a prime number?
True
Is 1337018867 a prime number?
False
Is 28129152815 composite?
True
Is 629190293 prime?
False
Is 8524503023 composite?
False
Is 35410364911 a composite number?
False
Is 4502337143 a composite number?
True
Is 17760798903 prime?
False
Is 194577013 a composite number?
True
Is 54743641 composite?
True
Is 2601273721 a composite number?
False
Is 12501130307 a composite number?
False
Is 32663188931 composite?
True
Is 1541824499 a prime number?
True
Is 760031827 prime?
True
Is 14934303257 a prime number?
False
Is 392666363 composite?
False
Is 1224396623 a prime number?
False
Is 4868794607 a composite number?
True
Is 211210963 a composite number?
False
Is 5038929887 composite?
True
Is 40711357867 a prime number?
True
Is 1914444971 a prime number?
True
Is 62817299683 a prime number?
False
Is 46068761157 a composite number?
True
Is 244281497 a composite number?
True
Is 76953587 a prime number?
False
Is 2059277861 a composite number?
False
Is 16277486579 a prime number?
True
Is 522111757 a composite number?
True
Is 2733785497 prime?
False
Is 522608269 prime?
True
Is 132119055815 composite?
True
Is 197850527 a composite number?
True
Is 299458711469 a prime number?
False
Is 485318543 prime?
False
Is 2941273381 a composite number?
False
Is 24992644067 a composite number?
False
Is 10003111919 a composite number?
False
Is 4768898003 a composite number?
True
Is 10831443823 composite?
False
Is 18216755291 composite?
True
Is 1427851177 a composite number?
False
Is 957376163 a composite number?
False
Is 2528918167 composite?
False
Is 112539197 a prime number?
False
Is 2625010571 a prime number?
True
Is 500939297 a composite number?
True
Is 387358987 composite?
True
Is 81483167 a composite number?
False
Is 1583104181 a prime number?
True
Is 1919214611 a prime number?
False
Is 1934321261 composite?
True
Is 7996024519 a prime number?
False
Is 17540115511 a prime number?
True
Is 4403537963 a composite number?
True
Is 10501937291 a composite number?
True
Is 15761950667 composite?
True
Is 13008940771 composite?
False
Is 208767637 a composite number?
True
Is 83420923583 composite?
False
Is 73876763 a composite number?
True
Is 398181517 a prime number?
True
Is 15781788511 composite?
True
Is 268243979 a composite number?
False
Is 2192281519 prime?
True
Is 910083631 a prime number?
True
Is 15318102269 prime?
True
Is 2936570389 composite?
False
Is 770091493 composite?
False
Is 294663151 a composite number?
True
Is 1139571757 composite?
False
Is 6828842173 prime?
True
Is 4108587487 a prime number?
True
Is 52436183 a composite number?
False
Is 38049991745 a composite number?
True
Is 617546147 a composite number?
False
Is 21414930917 a prime number?
True
Is 63429507331 prime?
True
Is 351681457 composite?
False
Is 9793065749 a composite number?
False
Is 17302669 a prime number?
True
Is 6780975847 prime?
False
Is 2081009081 a prime number?
False
Is 22359555781 prime?
False
Is 1508175181 a composite number?
False
Is 12843414061 a composite number?
True
Is 161393132837 composite?
False
Is 1262695649 a composite number?
True
Is 1376065817 a composite number?
True
Is 1618248689 a composite number?
False
Is 2499010277 prime?
True
Is 210474281 a prime number?
True
Is 6027113159 a prime number?
True
Is 2401650793 a prime number?
True
Is 1230695593 a c